{"id":29,"date":"2024-02-09T10:51:26","date_gmt":"2024-02-09T10:51:26","guid":{"rendered":"https:\/\/2024.doktagung.de\/?page_id=29"},"modified":"2024-07-05T10:19:37","modified_gmt":"2024-07-05T10:19:37","slug":"programm","status":"publish","type":"page","link":"https:\/\/2024.doktagung.de\/index.php\/programm\/","title":{"rendered":"Programm"},"content":{"rendered":"\n<h2 class=\"wp-block-heading\">Vorl\u00e4ufiges Tagungsprogramm<\/h2>\n\n\n\n<p><\/p>\n\n\n\n<p>(Stand: 29.04.2024)<\/p>\n\n\n\n<p class=\"has-large-font-size\"><strong>Freitag, 05.07.2024<\/strong><\/p>\n\n\n\n<p class=\"has-small-font-size\"><strong>11:00 Uhr<\/strong> Ankunft am Tagungsort, Check-In im Tagungsb\u00fcro, informelles Kennenlernen<\/p>\n\n\n\n<p class=\"has-small-font-size\"><strong>12:00 Uhr<\/strong> Begr\u00fc\u00dfung durch den Fachbereich Kulturwissenschaften und das Kulturanthropologische Institut des Oldenburger M\u00fcnsterlandes (An-Institut) der Uni Vechta<\/p>\n\n\n\n<p class=\"has-small-font-size\"><strong>12:30 Uhr<\/strong> Vorstellung des Tagungsablaufs<\/p>\n\n\n\n<p class=\"has-small-font-size\"><strong>12:45 Uhr<\/strong> Mittagspause (M\u00f6glichkeit zum Besuch der Mensa)<\/p>\n\n\n\n<p class=\"has-small-font-size\"><strong>13:30 Uhr Vortrag I<\/strong>: \u00dcber Interdisziplinarit\u00e4t in Form von Interesse reden. Eine etymologische Erkundung (Tobias Becker, Universit\u00e4t Hamburg)<\/p>\n\n\n\n<p class=\"has-small-font-size\"><strong>14:00 Uhr Vortrag II:<\/strong> Der Versicherungsfall als Schauplatz dom\u00e4nen\u00fcbergreifender Verst\u00e4ndigungen (Laura Brammsen, Christian-Albrechts-Universit\u00e4t Kiel)<\/p>\n\n\n\n<p class=\"has-small-font-size\"><strong>14:30 Uhr Vortrag III<\/strong>: Das Frankfurter Bahnhofsviertel als interdisziplin\u00e4re Herausforderung (Leonie M\u00fcller, Universit\u00e4t des Saarlandes)<\/p>\n\n\n\n<p class=\"has-small-font-size\"><strong>15:00 Uhr <\/strong>Kaffeepause<\/p>\n\n\n\n<p class=\"has-small-font-size\"><strong>15:30 Uhr Vortrag IV<\/strong>: Mittendrin statt nur dabei: Empirische Kulturwissenschaftler*innen in Co-Design-Prozessen im Museum (Pia Schramm, Humboldt-Universit\u00e4t Berlin, Nicolas Dittgen, Universit\u00e4t Vechta)<\/p>\n\n\n\n<p class=\"has-small-font-size\"><strong>16:00 Uhr Vortrag V: <\/strong>Hybrid entstaubt, Anfassen erlaubt?! (Julia Pfeiffer, Technische Universit\u00e4t Chemnitz)<\/p>\n\n\n\n<p class=\"has-small-font-size\"><strong>16:30 Uhr <\/strong>Kaffeepause<\/p>\n\n\n\n<p class=\"has-small-font-size\"><strong>17:00 Uhr <\/strong>Workshop <em>Open Access Publizieren<\/em>, (Dr. Kathleen Heft, Humboldt-Universit\u00e4t Berlin)<\/p>\n\n\n\n<p class=\"has-small-font-size\"><strong>19:00 Uhr<\/strong> Gemeinsames Abendessen am Tagungsort<\/p>\n\n\n\n<p class=\"has-small-font-size\"><strong>Ab<\/strong> <strong>20:30 Uhr<\/strong> Abend ausklingen lassen in der Banane Vechta<\/p>\n\n\n\n<p><\/p>\n\n\n\n<p class=\"has-large-font-size\"><strong>Samstag, <\/strong><strong>06.07.2<\/strong><strong>024<\/strong><\/p>\n\n\n\n<p class=\"has-small-font-size\"><strong>09:00 Uhr <\/strong>Gemeinsames Fr\u00fchst\u00fcck am Tagungsort<\/p>\n\n\n\n<p class=\"has-small-font-size\"><strong>10:00 Uhr Keynote<\/strong> Es gibt nur ein perspektivisches Erkennen. \u00dcberlegungen zur Vielstimmigkeit in der Empirischen Kulturwissenschaft (Dr. Oliwia&nbsp;Murawska, Universit\u00e4t Innsbruck) (45+30min)<\/p>\n\n\n\n<p class=\"has-small-font-size\"><strong>11:15 Uhr<\/strong> Kaffeepause<\/p>\n\n\n\n<p class=\"has-small-font-size\"><strong>11:45 Uhr Vortrag VI<\/strong>: Irgendwas dazwischen&#8230; \u00dcber Interdisziplinarit\u00e4t als Gef\u00fchl: Diskurse und Praktiken der (Un-)Zugeh\u00f6rigkeit (Melanie Haberl, Universit\u00e4t Wien)<\/p>\n\n\n\n<p class=\"has-small-font-size\"><strong>12:15 Uhr Vortrag VII<\/strong>: Ehen und Paarbeziehungen in der BRD (1945\u20131999): Potenziale und Herausforderungen einer kulturwissenschaftlichen Oral History des Intimen (Alexandra Regiert, Universit\u00e4t Regensburg)<\/p>\n\n\n\n<p class=\"has-small-font-size\"><strong>12:45 Uhr Vortrag VIII<\/strong>: Interdisziplinarit\u00e4t: Oberfl\u00e4chlicher Trend oder Antwort auf komplexe Realit\u00e4ten? (Felizitas Juen, P\u00e4dagogische Hochschule Z\u00fcrich)<\/p>\n\n\n\n<p class=\"has-small-font-size\"><strong>13:15 Uhr <\/strong>Abschlussdiskussion, Zusammenfassung und Ausrichtung der 19. DGEKW- Doktorand*innentagung 2025 bei Mittagsimbiss, Kaffee und Kuchen<\/p>\n\n\n\n<p class=\"has-small-font-size\"><strong>15:00 Uhr<\/strong> Ende der Tagung, F\u00fchrung durch die Sonderausstellung&nbsp;im Museum im Zeughaus (Zitadelle 15, 49377 Vechta)<\/p>\n\n\n\n<p><\/p>\n\n\n\n<p><strong>Verpflegung<\/strong><\/p>\n\n\n\n<p>Die Tagungsverpflegung wird vegeatrisch und kann auf Wunsch vegan sein.<\/p>\n","protected":false},"excerpt":{"rendered":"<p>Vorl\u00e4ufiges Tagungsprogramm (Stand: 29.04.2024) Freitag, 05.07.2024 11:00 Uhr Ankunft am Tagungsort, Check-In im Tagungsb\u00fcro, informelles Kennenlernen 12:00 Uhr Begr\u00fc\u00dfung durch den Fachbereich Kulturwissenschaften und das Kulturanthropologische Institut des Oldenburger M\u00fcnsterlandes (An-Institut) der Uni Vechta 12:30 Uhr Vorstellung des Tagungsablaufs 12:45 Uhr Mittagspause (M\u00f6glichkeit zum Besuch der Mensa) 13:30 Uhr Vortrag I: \u00dcber Interdisziplinarit\u00e4t in Form [&hellip;]<\/p>\n","protected":false},"author":2,"featured_media":0,"parent":0,"menu_order":0,"comment_status":"closed","ping_status":"closed","template":"","meta":{"footnotes":""},"class_list":["post-29","page","type-page","status-publish","hentry"],"_links":{"self":[{"href":"https:\/\/2024.doktagung.de\/index.php\/wp-json\/wp\/v2\/pages\/29","targetHints":{"allow":["GET"]}}],"collection":[{"href":"https:\/\/2024.doktagung.de\/index.php\/wp-json\/wp\/v2\/pages"}],"about":[{"href":"https:\/\/2024.doktagung.de\/index.php\/wp-json\/wp\/v2\/types\/page"}],"author":[{"embeddable":true,"href":"https:\/\/2024.doktagung.de\/index.php\/wp-json\/wp\/v2\/users\/2"}],"replies":[{"embeddable":true,"href":"https:\/\/2024.doktagung.de\/index.php\/wp-json\/wp\/v2\/comments?post=29"}],"version-history":[{"count":15,"href":"https:\/\/2024.doktagung.de\/index.php\/wp-json\/wp\/v2\/pages\/29\/revisions"}],"predecessor-version":[{"id":77,"href":"https:\/\/2024.doktagung.de\/index.php\/wp-json\/wp\/v2\/pages\/29\/revisions\/77"}],"wp:attachment":[{"href":"https:\/\/2024.doktagung.de\/index.php\/wp-json\/wp\/v2\/media?parent=29"}],"curies":[{"name":"wp","href":"https:\/\/api.w.org\/{rel}","templated":true}]}}

<h2 class="wp-block-heading">Vorläufiges Tagungsprogramm</h2>



<p></p>



<p>(Stand: 29.04.2024)</p>



<p class="has-large-font-size"><strong>Freitag, 05.07.2024</strong></p>



<p class="has-small-font-size"><strong>11:00 Uhr</strong> Ankunft am Tagungsort, Check-In im Tagungsbüro, informelles Kennenlernen</p>



<p class="has-small-font-size"><strong>12:00 Uhr</strong> Begrüßung durch den Fachbereich Kulturwissenschaften und das Kulturanthropologische Institut des Oldenburger Münsterlandes (An-Institut) der Uni Vechta</p>



<p class="has-small-font-size"><strong>12:30 Uhr</strong> Vorstellung des Tagungsablaufs</p>



<p class="has-small-font-size"><strong>12:45 Uhr</strong> Mittagspause (Möglichkeit zum Besuch der Mensa)</p>



<p class="has-small-font-size"><strong>13:30 Uhr Vortrag I</strong>: Über Interdisziplinarität in Form von Interesse reden. Eine etymologische Erkundung (Tobias Becker, Universität Hamburg)</p>



<p class="has-small-font-size"><strong>14:00 Uhr Vortrag II:</strong> Der Versicherungsfall als Schauplatz domänenübergreifender Verständigungen (Laura Brammsen, Christian-Albrechts-Universität Kiel)</p>



<p class="has-small-font-size"><strong>14:30 Uhr Vortrag III</strong>: Das Frankfurter Bahnhofsviertel als interdisziplinäre Herausforderung (Leonie Müller, Universität des Saarlandes)</p>



<p class="has-small-font-size"><strong>15:00 Uhr </strong>Kaffeepause</p>



<p class="has-small-font-size"><strong>15:30 Uhr Vortrag IV</strong>: Mittendrin statt nur dabei: Empirische Kulturwissenschaftler*innen in Co-Design-Prozessen im Museum (Pia Schramm, Humboldt-Universität Berlin, Nicolas Dittgen, Universität Vechta)</p>



<p class="has-small-font-size"><strong>16:00 Uhr Vortrag V: </strong>Hybrid entstaubt, Anfassen erlaubt?! (Julia Pfeiffer, Technische Universität Chemnitz)</p>



<p class="has-small-font-size"><strong>16:30 Uhr </strong>Kaffeepause</p>



<p class="has-small-font-size"><strong>17:00 Uhr </strong>Workshop <em>Open Access Publizieren</em>, (Dr. Kathleen Heft, Humboldt-Universität Berlin)</p>



<p class="has-small-font-size"><strong>19:00 Uhr</strong> Gemeinsames Abendessen am Tagungsort</p>



<p class="has-small-font-size"><strong>Ab</strong> <strong>20:30 Uhr</strong> Abend ausklingen lassen in der Banane Vechta</p>



<p></p>



<p class="has-large-font-size"><strong>Samstag, </strong><strong>06.07.2</strong><strong>024</strong></p>



<p class="has-small-font-size"><strong>09:00 Uhr </strong>Gemeinsames Frühstück am Tagungsort</p>



<p class="has-small-font-size"><strong>10:00 Uhr Keynote</strong> Es gibt nur ein perspektivisches Erkennen. Überlegungen zur Vielstimmigkeit in der Empirischen Kulturwissenschaft (Dr. Oliwia&nbsp;Murawska, Universität Innsbruck) (45+30min)</p>



<p class="has-small-font-size"><strong>11:15 Uhr</strong> Kaffeepause</p>



<p class="has-small-font-size"><strong>11:45 Uhr Vortrag VI</strong>: Irgendwas dazwischen&#8230; Über Interdisziplinarität als Gefühl: Diskurse und Praktiken der (Un-)Zugehörigkeit (Melanie Haberl, Universität Wien)</p>



<p class="has-small-font-size"><strong>12:15 Uhr Vortrag VII</strong>: Ehen und Paarbeziehungen in der BRD (1945–1999): Potenziale und Herausforderungen einer kulturwissenschaftlichen Oral History des Intimen (Alexandra Regiert, Universität Regensburg)</p>



<p class="has-small-font-size"><strong>12:45 Uhr Vortrag VIII</strong>: Interdisziplinarität: Oberflächlicher Trend oder Antwort auf komplexe Realitäten? (Felizitas Juen, Pädagogische Hochschule Zürich)</p>



<p class="has-small-font-size"><strong>13:15 Uhr </strong>Abschlussdiskussion, Zusammenfassung und Ausrichtung der 19. DGEKW- Doktorand*innentagung 2025 bei Mittagsimbiss, Kaffee und Kuchen</p>



<p class="has-small-font-size"><strong>15:00 Uhr</strong> Ende der Tagung, Führung durch die Sonderausstellung&nbsp;im Museum im Zeughaus (Zitadelle 15, 49377 Vechta)</p>



<p></p>



<p><strong>Verpflegung</strong></p>



<p>Die Tagungsverpflegung wird vegeatrisch und kann auf Wunsch vegan sein.</p>

<p>Vorläufiges Tagungsprogramm (Stand: 29.04.2024) Freitag, 05.07.2024 11:00 Uhr Ankunft am Tagungsort, Check-In im Tagungsbüro, informelles Kennenlernen 12:00 Uhr Begrüßung durch den Fachbereich Kulturwissenschaften und das Kulturanthropologische Institut des Oldenburger Münsterlandes (An-Institut) der Uni Vechta 12:30 Uhr Vorstellung des Tagungsablaufs 12:45 Uhr Mittagspause (Möglichkeit zum Besuch der Mensa) 13:30 Uhr Vortrag I: Über Interdisziplinarität in Form [&hellip;]</p>
